(u) = -u**3 + 11*u**2 + 39*u - 304. What is r(12)?
20
Let i(c) = -27*c**2 + 757*c - 35. Calculate i(28).
-7
Let c(y) = 128*y + 43. Give c(-2).
-213
Let g(p) = p**3 + 27*p**2 + 22*p - 99. Determine g(-26).
5
Let g(n) = -13*n**2 - 18*n + 14. Determine g(-2).
-2
Let u(n) = n**2 + 8*n + 1. Calculate u(0).
1
Let r(l) = -3*l - 143. Determine r(-8).
-119
Let s(q) = -2*q**3 + 22*q**2 + 15*q - 124. Calculate s(11).
41
Let g(k) = 8*k**2 + 163*k - 647. Give g(4).
133
Let b(t) = -111*t + 11533. What is b(104)?
-11
Let s(b) = 6*b + 141. Calculate s(-13).
63
Let a(x) = -418*x + 5545. Determine a(13).
111
Let m(k) = -7*k + 96. What is m(16)?
-16
Let c(v) = v**3 + 37*v**2 + 35*v - 35. What is c(-36)?
1
Let o(a) = -25*a**2 - 11*a + 72. Determine o(5).
-608
Let w(k) = k**3 - 13*k**2 + 23*k + 5. What is w(11)?
16
Let m(d) = -2975*d**2 + 35702*d - 30. What is m(12)?
-6
Let x(b) = 11*b**2 + 992*b - 813. Calculate x(-91).
6
Let q(x) = 10*x - 179. Give q(22).
41
Let n(t) = 6*t**3 + 3*t**2 + t - 26. Give n(-3).
-164
Let s(n) = 5*n**2 - 1161*n - 949. What is s(233)?
-17
Let w(v) = 70*v - 1654. Determine w(22).
-114
Let m(q) = q**3 - 35*q**2 + 55*q + 375. What is m(33)?
12
Let m(c) = c**3 - 2*c - 29. Give m(6).
175
Let w(q) = 517*q**2 - 3098*q - 21. Calculate w(6).
3
Let n(a) = 2*a**3 + 4*a**2 - 2*a + 9. Calculate n(4).
193
Let m(i) = 25*i**2 + 347*i + 23. Calculate m(-14).
65
Let s(x) = 23*x**2 - 107*x + 119. Calculate s(3).
5
Let a(p) = p**3 + 22*p**2 - p - 119. Determine a(-22).
-97
Let v(h) = -695*h - 2784. Determine v(-4).
-4
Let w(y) = -63*y**2 + 381*y - 25. Calculate w(6).
-7
Let u(a) = 561*a + 6158. Determine u(-11).
-13
Let r(p) = 173*p**2 + 862*p - 11. Determine r(-5).
4
Let o(j) = -3*j**3 + 67*j**2 - 15*j - 9. What is o(22)?
145
Let r(j) = -932*j + 2792. Determine r(3).
-4
Let a(k) = 50*k - 1484. What is a(31)?
66
Let z(g) = -594*g + 46937. Determine z(79).
11
Let s(p) = 167*p - 1865. Determine s(11).
-28
Let q(c) = 230*c - 2957. What is q(13)?
33
Let j(g) = -3*g**2 + 401*g + 797. Calculate j(-2).
-17
Let m(n) = -7*n**2 + 267*n + 44. Determine m(36).
584
Let h(q) = 3*q**3 - 337*q**2 - 575*q + 574. Give h(114).
4
Let d(j) = 2*j**2 + 43*j - 542. What is d(-33)?
217
Let q(x) = -30*x - 166. What is q(-6)?
14
Let a(q) = -9*q - 21. Determine a(-16).
123
Let v(x) = 42*x**2 - 14*x + 46. What is v(-3)?
466
Let x(m) = m**2 - 70*m + 664. Determine x(59).
15
Let w(t) = -4*t**2 + 147*t + 2838. Give w(-14).
-4
Let h(u) = -1615*u - 1749. Give h(-1).
-134
Let v(q) = 73*q + 2100. Give v(-29).
-17
Let c(x) = -x**2 + 968*x + 86097. What is c(-82)?
-3
Let b(m) = 24*m**2 + 87*m + 34. Calculate b(-4).
70
Let a(w) = -w**2 + 16*w - 168. Determine a(12).
-120
Let o(h) = -h**3 + 6*h**2 - 54*h + 563. What is o(8)?
3
Let d(t) = 28*t - 1608. Give d(58).
16
Let p(q) = 5*q + 180. Calculate p(0).
180
Let y(b) = b**3 - 14*b**2 - 9*b + 23. Determine y(15).
113
Let m(q) = -3*q**2 + 78*q - 297. Determine m(22).
-33
Let j(c) = -13*c + 637. Give j(32).
221
Let b(q) = 51*q - 34. Give b(4).
170
Let p(n) = -n**3 + 9*n**2 + 15*n - 35. What is p(11)?
-112
Let c(g) = -2*g**3 - 12*g**2 - 9*g - 11. What is c(-5)?
-16
Let m(n) = -2*n**2 - 21*n - 98. Determine m(-8).
-58
Let r(y) = 2*y**3 - 28*y**2 + y - 6. Determine r(14).
8
Let r(y) = -17*y**2 + 174*y - 36. Determine r(10).
4
Let v(l) = l**2 + 2*l - 35. Give v(-5).
-20
Let z(a) = 5*a**3 + 14*a**2 - 12*a + 2. Give z(-4).
-46
Let c(h) = 8*h - 23. Give c(19).
129
Let s(o) = -2*o**3 + 15*o**2 + 166*o - 3. Give s(-6).
-27
Let l(m) = -m**2 + 940*m + 39206. Calculate l(-40).
6
Let m(o) = -524*o + 4213. Determine m(8).
21
Let g(z) = 81*z + 66. Determine g(-4).
-258
Let u(y) = y**2 - 923*y + 46103. Determine u(53).
-7
Let j(b) = -2*b**2 + 369*b - 8239. Calculate j(26).
3
Let v(x) = 11*x**2 - 840*x + 297. What is v(76)?
-7
Let u(w) = -18*w**2 - 17*w + 152. Calculate u(6).
-598
Let z(x) = 7*x**3 + 653*x + 1314. What is z(-2)?
-48
Let k(u) = -u**2 + 69*u + 8706. Calculate k(-65).
-4
Let x(a) = 156*a - 15412. Calculate x(99).
32
Let v(z) = z**3 - 11*z**2 + 3*z + 138. Calculate v(9).
3
Let g(s) = -171*s**2 + 2051*s + 22. What is g(12)?
10
Let v(w) = 4*w**2 + 255*w - 18972. What is v(44)?
-8
Let m(j) = -17*j - 152. Determine m(-7).
-33
Let t(a) = 3*a**3 + 27*a**2 + 38*a - 10. Determine t(-7).
18
Let p(q) = q**3 - 3*q**2 - 37*q - 27. What is p(8)?
-3
Let c(k) = -751*k + 3291. What is c(4)?
287
Let a(u) = -u**3 - 28*u**2 + 65*u - 1. Calculate a(-30).
-151
Let j(l) = l**3 - 13*l**2 + 31*l - 27. Determine j(7).
-104
Let o(g) = 30*g - 312. Calculate o(11).
18
Let b(x) = -x**2 + 14*x + 42. What is b(-6)?
-78
Let y(f) = -2*f**2 - 11*f + 46. What is y(-8)?
6
Let n(h) = 4*h**2 + 101*h - 116. Determine n(-26).
-38
Let r(j) = 2*j - 9. What is r(-17)?
-43
Let a(n) = -n**3 + 3*n**2 - 143*n + 284. What is a(2)?
2
Let c(y) = -4*y**2 - 36*y - 11. Determine c(-12).
-155
Let j(g) = -375*g**2 + 3746*g + 22. Calculate j(10).
-18
Let i(z) = 44*z - 1059. What is i(26)?
85
Let k(y) = 1052*y + 1096. What is k(-1)?
44
Let p(r) = r**3 + 105*r**2 - 110*r - 615. Calculate p(-106).
-191
Let f(m) = 35*m + 358. Give f(-10).
8
Let p(x) = -3*x**2 - 123*x - 542. Calculate p(-37).
-98
Let p(y) = -y**3 + 16*y**2 - 64*y + 8. Give p(8).
8
Let x(w) = -3*w**3 + 15*w**2 + 2*w - 4. What is x(6)?
-100
Let v(b) = -b**3 - 7*b**2 - 4*b + 64. Determine v(-6).
52
Let g(j) = -2*j**3 - 16*j**2 - 28*j + 5. Calculate g(-5).
-5
Let v(o) = -56*o + 607. Give v(-4).
831
Let n(y) = 273*y - 2469. Calculate n(9).
-12
Let i(h) = -h**3 - 17*h**2 - 4*h + 38. Give i(-16).
-154
Let c(t) = -t**3 - 11*t**2 - 23*t - 44. Determine c(-9).
1
Let n(g) = -g**3 - 92*g**2 - 1718*g - 134. Calculate n(-66).
-2
Let s(n) = 3635*n + 69072. Determine s(-19).
7
Let q(m) = -6675*m - 13317. Give q(-2).
33
Let w(j) = -65*j - 1502. Give w(-23).
-7
Let g(r) = -30*r**2 + 1950*r - 13. Give g(65).
-13
Let g(u) = -2093*u - 20928. What is g(-10)?
2
Let w(y) = 47*y - 294. What is w(7)?
35
Let q(i) = i**3 + 132*i**2 + 988*i - 434. Determine q(-124).
62
Let f(m) = m**3 + 35*m**2 - 76*m + 23. Give f(-37).
97
Let o(z) = -33*z - 764. Calculate o(-5).
-599
Let v(f) = 49*f**2 + 2941*f + 40. What is v(-60)?
-20
Let r(n) = -3*n**2 - 548*n + 1335. Give r(-185).
40
Let a(k) = 7297*k + 80263. What is a(-11)?
-4
Let z(t) = -t**3 - 34*t**2 - 34*t - 23. Calculate z(-33).
10
Let w(r) = 3*r**3 + 8*r**2 - 7*r - 16. Calculate w(4).
276
Let c(f) = 7*f**3 - 51*f**2 - 6*f + 110. What is c(7)?
-30
Let q(y) = -43*y + 2839. What is q(66)?
1
Let f(v) = -2*v**2 + 78*v + 262. Give f(42).
10
Let c(d) = 4*d**2 - 25*d + 34. Give c(15).
559
Let j(a) = 38*a + 140. What is j(-3)?
26
Let o(j) = 2*j**3 + 192*j**2 + 216*j + 2464. Give o(-95).
-6
Let n(u) = u**3 - u**2 + 6*u + 178. What is n(-6)?
-110
Let z(l) = -l**3 + l**2 - 25*l + 54. Calculate z(2).
0
Let z(m) = m**2 + 18*m + 29. What is z(-14)?
-27
Let c(f) = 12*f**2 + 61*f + 10. Calculate c(-5).
5
Let x(i) = -i**2 + 133*i + 5078. Determine x(164).
-6
Let x(f) = f**2 + 15*f + 57. Calculate x(-11).
13
Let g(z) = 39*z + 46. Determine g(2).
124
Let u(v) = -225*v + 2473. Determine u(11).
-2
Let m(p) = 15*p**2 + 9*p + 16. Determine m(5).
436
Let f(g) = -641*g + 160. Calculate f(1).
-481
Let d(m) = 2*m**3 + 107*m**2 + 55*m + 37. What is d(-53)?
-69
Let x(h) = -2*h**2 - 51*h - 42. Give x(-29).
-245
Let m(n) = -1608*n + 78789. Determine m(49).
-3
Let a(z) = 66*z - 74. Determine a(1).
-8
Let w(b) = -260*b - 60583. Determine w(-233).
-3
Let c(o) = 2*o**3 + 215*o**2 - 320*o + 766. What is c(-109)?
3
Let k(t) = 2*t**2 - 92*t + 767. Give k(11).
-3
Let z(l) = 2*l**2 - 90*l + 1. Calculate z(45).
1
Let r(o) = 47*o + 3113. Determine r(-66).
11
Let p(x) = x**2 + 74*x + 1105. Give p(-51).
-68
Let d(n) = -13*n - 46. Determine d(-13).
123
Let w(d) = -9*d**2 - 189*d - 20. Give w(-21).
-20
Let c(j) = 3*j**2 + 16*j + 44. Calculate c(-4).
28
Let a(w) = -2*w**2 - 134*w - 1384. Determine a(-54).
20
Let z(x) = -64*x - 734. Determine z(-12).
34
Let q(y) = y**2 + 19*y - 790. Give q(20).
-10
Let a(r) = -2*r**2 - 8*r + 25. What is a(3)?
-17
Let m(b) = -7*b + 79. What is m(-43)?
380
Let t(c) = -c**2 + 28*c - 127. Calculate t(24).
-31
Let h(o) = 3*o**2 + 480*o + 2316. Give h(-155).
-9
Let x(t) = -t**3 - 13*t**2 + 17*t + 39. Give x(-13).
-182
Let z(c) = -17*c - 20. Calc